{"id":56,"date":"2020-02-16T09:04:59","date_gmt":"2020-02-16T09:04:59","guid":{"rendered":"http:\/\/www.taljansuku.com\/tss\/?page_id=56"},"modified":"2020-02-23T18:44:20","modified_gmt":"2020-02-23T18:44:20","slug":"yhdistyslaki","status":"publish","type":"page","link":"http:\/\/www.taljansuku.com\/tss\/sukuseura\/yhdistyslaki\/","title":{"rendered":"Yhdistyslaki"},"content":{"rendered":"\n<p>Yhdistyslaki l\u00f6ytyy FINLEXin ajantasaisen lains\u00e4\u00e4d\u00e4nn\u00f6n sivuilta: <a href=\"https:\/\/www.finlex.fi\/fi\/laki\/ajantasa\/1989\/19890503\" target=\"_blank\" rel=\"noreferrer noopener\" aria-label=\"Yhdistyslaki 26.5.1989\/503 (avautuu uudessa v\u00e4lilehdess\u00e4)\">Yhdistyslaki 26.5.1989\/503<\/a><\/p>\n","protected":false},"excerpt":{"rendered":"<p>Yhdistyslaki l\u00f6ytyy FINLEXin ajantasaisen lains\u00e4\u00e4d\u00e4nn\u00f6n sivuilta: Yhdistyslaki 26.5.1989\/503<\/p>\n","protected":false},"author":2,"featured_media":0,"parent":41,"menu_order":5,"comment_status":"closed","ping_status":"closed","template":"","meta":[],"_links":{"self":[{"href":"http:\/\/www.taljansuku.com\/tss\/wp-json\/wp\/v2\/pages\/56"}],"collection":[{"href":"http:\/\/www.taljansuku.com\/tss\/wp-json\/wp\/v2\/pages"}],"about":[{"href":"http:\/\/www.taljansuku.com\/tss\/wp-json\/wp\/v2\/types\/page"}],"author":[{"embeddable":true,"href":"http:\/\/www.taljansuku.com\/tss\/wp-json\/wp\/v2\/users\/2"}],"replies":[{"embeddable":true,"href":"http:\/\/www.taljansuku.com\/tss\/wp-json\/wp\/v2\/comments?post=56"}],"version-history":[{"count":1,"href":"http:\/\/www.taljansuku.com\/tss\/wp-json\/wp\/v2\/pages\/56\/revisions"}],"predecessor-version":[{"id":57,"href":"http:\/\/www.taljansuku.com\/tss\/wp-json\/wp\/v2\/pages\/56\/revisions\/57"}],"up":[{"embeddable":true,"href":"http:\/\/www.taljansuku.com\/tss\/wp-json\/wp\/v2\/pages\/41"}],"wp:attachment":[{"href":"http:\/\/www.taljansuku.com\/tss\/wp-json\/wp\/v2\/media?parent=56"}],"curies":[{"name":"wp","href":"https:\/\/api.w.org\/{rel}","templated":true}]}}