{"id":58,"date":"2020-02-16T09:15:47","date_gmt":"2020-02-16T09:15:47","guid":{"rendered":"http:\/\/www.taljansuku.com\/tss\/?page_id=58"},"modified":"2020-08-29T18:54:24","modified_gmt":"2020-08-29T16:54:24","slug":"sukuseuran-hallitus","status":"publish","type":"page","link":"http:\/\/www.taljansuku.com\/tss\/sukuseura\/sukuseuran-hallitus\/","title":{"rendered":"Sukuseuran hallitus"},"content":{"rendered":"\n<h2>Hallituksen j\u00e4senet<\/h2>\n\n\n\n<p>Sukukokouksessa 31.8.2019 hallituksen j\u00e4seniksi valittiin<\/p>\n\n\n\n<figure class=\"wp-block-table\"><table><tbody><tr><th><strong>Henkil\u00f6<\/strong><\/th><th><strong>Teht\u00e4v\u00e4<\/strong><\/th><\/tr><tr><td>Ari Talja<\/td><td> J\u00e4sen <\/td><\/tr><tr><td>Pekka Talja<\/td><td>  J\u00e4sen <\/td><\/tr><tr><td>Risto Talja<\/td><td> Puheenjohtaja <\/td><\/tr><tr><td>Tarvo Talja<\/td><td> J\u00e4sen <\/td><\/tr><tr><td>Tia Talja<\/td><td>Sihteeri <br>Rahastonhoitaja   <br>J\u00e4senasioiden hoitaja<\/td><\/tr><tr><td>Heli Talja-Salo<\/td><td>Varapuheenjohtaja <\/td><\/tr><\/tbody><\/table><\/figure>\n\n\n\n<div class=\"wp-block-group\"><div class=\"wp-block-group__inner-container\">\n<h2>Yhteystiedot<\/h2>\n\n\n\n<p> Ota yhteytt\u00e4 k\u00e4ytt\u00e4en seuraavia s\u00e4hk\u00f6postiosoitteita &#8211; tulevat pian k\u00e4ytt\u00f6\u00f6n:<\/p>\n\n\n\n<figure class=\"wp-block-table\"><table><tbody><tr><th><strong>S\u00e4hk\u00f6postiosoite<\/strong><\/th><th><strong>Vastaanottaja<\/strong><\/th><\/tr><tr><td> puheenjohtaja (at) taljansuku.com<\/td><td>puheenjohtaja<br>varapuheenjohtaja<\/td><\/tr><tr><td> sihteeri (at) taljansuku.com <\/td><td>sihteeri<br>puheenjohtaja<\/td><\/tr><tr><td> jasenasiat (at) taljansuku.com   <\/td><td>j\u00e4senasioidenhoitaja<br>puheenjohtaja<\/td><\/tr><\/tbody><\/table><\/figure>\n<\/div><\/div>\n","protected":false},"excerpt":{"rendered":"<p>Hallituksen j\u00e4senet Sukukokouksessa 31.8.2019 hallituksen j\u00e4seniksi valittiin Henkil\u00f6 Teht\u00e4v\u00e4 Ari Talja J\u00e4sen Pekka Talja J\u00e4sen Risto Talja Puheenjohtaja Tarvo Talja J\u00e4sen Tia Talja Sihteeri Rahastonhoitaja J\u00e4senasioiden hoitaja Heli Talja-Salo Varapuheenjohtaja Yhteystiedot Ota yhteytt\u00e4 k\u00e4ytt\u00e4en seuraavia s\u00e4hk\u00f6postiosoitteita &#8211; tulevat pian k\u00e4ytt\u00f6\u00f6n: S\u00e4hk\u00f6postiosoite Vastaanottaja puheenjohtaja (at) taljansuku.com puheenjohtajavarapuheenjohtaja sihteeri (at) taljansuku.com sihteeripuheenjohtaja jasenasiat (at) taljansuku.com j\u00e4senasioidenhoitajapuheenjohtaja<\/p>\n","protected":false},"author":2,"featured_media":0,"parent":41,"menu_order":2,"comment_status":"closed","ping_status":"closed","template":"","meta":[],"_links":{"self":[{"href":"http:\/\/www.taljansuku.com\/tss\/wp-json\/wp\/v2\/pages\/58"}],"collection":[{"href":"http:\/\/www.taljansuku.com\/tss\/wp-json\/wp\/v2\/pages"}],"about":[{"href":"http:\/\/www.taljansuku.com\/tss\/wp-json\/wp\/v2\/types\/page"}],"author":[{"embeddable":true,"href":"http:\/\/www.taljansuku.com\/tss\/wp-json\/wp\/v2\/users\/2"}],"replies":[{"embeddable":true,"href":"http:\/\/www.taljansuku.com\/tss\/wp-json\/wp\/v2\/comments?post=58"}],"version-history":[{"count":12,"href":"http:\/\/www.taljansuku.com\/tss\/wp-json\/wp\/v2\/pages\/58\/revisions"}],"predecessor-version":[{"id":712,"href":"http:\/\/www.taljansuku.com\/tss\/wp-json\/wp\/v2\/pages\/58\/revisions\/712"}],"up":[{"embeddable":true,"href":"http:\/\/www.taljansuku.com\/tss\/wp-json\/wp\/v2\/pages\/41"}],"wp:attachment":[{"href":"http:\/\/www.taljansuku.com\/tss\/wp-json\/wp\/v2\/media?parent=58"}],"curies":[{"name":"wp","href":"https:\/\/api.w.org\/{rel}","templated":true}]}}

<h2>Hallituksen jäsenet</h2>



<p>Sukukokouksessa 31.8.2019 hallituksen jäseniksi valittiin</p>



<figure class="wp-block-table"><table><tbody><tr><th><strong>Henkilö</strong></th><th><strong>Tehtävä</strong></th></tr><tr><td>Ari Talja</td><td> Jäsen </td></tr><tr><td>Pekka Talja</td><td>  Jäsen </td></tr><tr><td>Risto Talja</td><td> Puheenjohtaja </td></tr><tr><td>Tarvo Talja</td><td> Jäsen </td></tr><tr><td>Tia Talja</td><td>Sihteeri <br>Rahastonhoitaja   <br>Jäsenasioiden hoitaja</td></tr><tr><td>Heli Talja-Salo</td><td>Varapuheenjohtaja </td></tr></tbody></table></figure>



<div class="wp-block-group"><div class="wp-block-group__inner-container">
<h2>Yhteystiedot</h2>



<p> Ota yhteyttä käyttäen seuraavia sähköpostiosoitteita &#8211; tulevat pian käyttöön:</p>



<figure class="wp-block-table"><table><tbody><tr><th><strong>Sähköpostiosoite</strong></th><th><strong>Vastaanottaja</strong></th></tr><tr><td> puheenjohtaja (at) taljansuku.com</td><td>puheenjohtaja<br>varapuheenjohtaja</td></tr><tr><td> sihteeri (at) taljansuku.com </td><td>sihteeri<br>puheenjohtaja</td></tr><tr><td> jasenasiat (at) taljansuku.com   </td><td>jäsenasioidenhoitaja<br>puheenjohtaja</td></tr></tbody></table></figure>
</div></div>

<p>Hallituksen jäsenet Sukukokouksessa 31.8.2019 hallituksen jäseniksi valittiin Henkilö Tehtävä Ari Talja Jäsen Pekka Talja Jäsen Risto Talja Puheenjohtaja Tarvo Talja Jäsen Tia Talja Sihteeri Rahastonhoitaja Jäsenasioiden hoitaja Heli Talja-Salo Varapuheenjohtaja Yhteystiedot Ota yhteyttä käyttäen seuraavia sähköpostiosoitteita &#8211; tulevat pian käyttöön: Sähköpostiosoite Vastaanottaja puheenjohtaja (at) taljansuku.com puheenjohtajavarapuheenjohtaja sihteeri (at) taljansuku.com sihteeripuheenjohtaja jasenasiat (at) taljansuku.com jäsenasioidenhoitajapuheenjohtaja</p>
